{"id":1533,"date":"2020-12-21T14:27:24","date_gmt":"2020-12-21T17:27:24","guid":{"rendered":"http:\/\/test.territoriar.cl\/?page_id=1533"},"modified":"2020-12-29T11:05:07","modified_gmt":"2020-12-29T14:05:07","slug":"remocion-en-masa-las-amarillas","status":"publish","type":"page","link":"https:\/\/filantropiacortessolari.cl\/territoriar\/remocion-en-masa-las-amarillas\/","title":{"rendered":"Remoci\u00f3n en Masa Las Amarillas"},"content":{"rendered":"<div class=\"wpb-content-wrapper\"><p>[vc_row full_width=&#8221;stretch_row&#8221; parallax=&#8221;content-moving&#8221; parallax_image=&#8221;1625&#8243; parallax_speed_bg=&#8221;1.2&#8243; css=&#8221;.vc_custom_1609250703983{padding-top: 200px !important;padding-bottom: 200px !important;}&#8221;][vc_column][vc_column_text]<\/p>\n<h1 style=\"text-align: center;\">Centro de Chile<\/h1>\n<p>[\/vc_column_text][\/vc_column][\/vc_row][vc_row][vc_column][vc_column_text css=&#8221;.vc_custom_1608571502196{padding-bottom: 30px !important;}&#8221;]<\/p>\n<h2 style=\"text-align: center;\">Reserva Elemental Likandes<\/h2>\n<h3 style=\"text-align: center;\">Remoci\u00f3n en Masa Las Amarillas<\/h3>\n<p>[\/vc_column_text]<div class=\"gem-table gem-table-responsive gem-table-style-2\"><table style=\"width: 100%;\">\n<tbody>\n<tr>\n<td>\n<p align=\"left\"><strong>Ubicaci\u00f3n <\/strong><\/p>\n<\/td>\n<td>\n<p align=\"left\"><strong>&#8211; Ubicaci\u00f3n:<\/strong><br \/>\nLugar: Frente a localidad de Ba\u00f1os Morales.<br \/>\nAltitud: 1.790 m.s.n.m.<br \/>\nCoordenadas (WGS 84 \u2013 19H): 400557 E 6256283 S<\/td>\n<\/tr>\n<tr>\n<td>\n<p align=\"left\"><strong>Descripci\u00f3n geol\u00f3gica interpretativa<\/strong><\/p>\n<\/td>\n<td>\n<p>&nbsp;<\/p>\n<p>La remoci\u00f3n en masa Las Amarillas se ubica en una quebrada activa que se extiende hasta los 3300 metros en su cumbre, y que se caracteriza por sus dep\u00f3sitos de intenso color amarillo. Las rocas del lugar han pasado por un proceso geol\u00f3gico llamado \u201calteraci\u00f3n hidrotermal\u201d, tras estar en contacto con fluidos calientes y muy cargados de elementos qu\u00edmicos en profundidad, lo que degrada sus minerales y cambia su coloraci\u00f3n.<\/p>\n<p>\u00c9sta es una quebrada muy abrupta y sus rocas, tras su alteraci\u00f3n, se tornan muy fr\u00e1giles, por lo que aqu\u00ed suelen ocurrir \u201cremociones en masa\u201d, es decir, violentos movimientos de rocas y otros materiales que son transportados desde las zonas m\u00e1s altas hacia abajo, en general, producto de fuertes lluvias.<\/td>\n<\/tr>\n<tr>\n<td><strong>V\u00ednculos ecol\u00f3gicos <\/strong><\/td>\n<td>En la quebrada principal, existe un peque\u00f1o curso de agua, que al fluir cerro abajo entra en contacto con las rocas en proceso de degradaci\u00f3n de este geositio, generando el surgimiento de especies vegetales no identificadas y no registradas en otros lugares de la comuna. Son especies de algas y musgos muy particulares, que presentan tonos de color blanco, negro, y algunos m\u00e1s c\u00e1lidos.<\/td>\n<\/tr>\n<tr>\n<td>\n<p align=\"left\"><strong>\u00bfSab\u00edas que?<\/strong><\/p>\n<\/td>\n<td>\n<p><strong>\u00a0<\/strong><\/p>\n<p>Es un rasgo geol\u00f3gicamente joven, ya que los lugare\u00f1os indican que se form\u00f3 en los a\u00f1os 70.<\/p>\n<p>En las \u00faltimas d\u00e9cadas ha tenido varias activaciones, las que han interrumpido el tr\u00e1nsito por la ruta G25.<\/td>\n<\/tr>\n<tr>\n<td>\n<p align=\"left\"><strong>Referencias<\/strong><\/p>\n<\/td>\n<td>\n<ul>\n<li>Benado, J. (2013). Patrimonio geol\u00f3gico del proyecto geoparque Caj\u00f3n del Maipo (Regi\u00f3n Metropolitana &#8211; Chile). Tesis de Mag\u00edster, Universidad de Minho.<\/li>\n<li>Vergara, C., Estay, C, Contreras, M., Prior, A., Godoy, V. y Zapata, J., 2019. Geodiversidad, patrimonio geol\u00f3gico y geositios del Caj\u00f3n del Maipo. FUNDESO Caj\u00f3n del Maipo, 163 pp.<\/li>\n<\/ul>\n<\/td>\n<\/tr>\n<\/tbody>\n<\/table>\n<\/div>[vc_column_text css=&#8221;.vc_custom_1607972302706{padding-top: 30px !important;padding-bottom: 30px !important;}&#8221;]<\/p>\n<h2 style=\"text-align: center;\">Im\u00e1genes<\/h2>\n<p>[\/vc_column_text][vc_column_text][\/vc_column_text][vc_column_text css=&#8221;.vc_custom_1608571614482{padding-bottom: 100px !important;}&#8221;]<img class=\"aligncenter size-full wp-image-1471\" src=\"https:\/\/www.filantropiacortessolari.cl\/territoriar\/wp-content\/uploads\/2020\/12\/Las-Amarillas-1.jpg\" alt=\"\" width=\"1024\" height=\"576\" srcset=\"https:\/\/filantropiacortessolari.cl\/territoriar\/wp-content\/uploads\/2020\/12\/Las-Amarillas-1.jpg 1024w, https:\/\/filantropiacortessolari.cl\/territoriar\/wp-content\/uploads\/2020\/12\/Las-Amarillas-1-300x169.jpg 300w, https:\/\/filantropiacortessolari.cl\/territoriar\/wp-content\/uploads\/2020\/12\/Las-Amarillas-1-768x432.jpg 768w\" sizes=\"(max-width: 1024px) 100vw, 1024px\" \/>[\/vc_column_text][vc_column_text]<img class=\"aligncenter size-full wp-image-1472\" src=\"https:\/\/www.filantropiacortessolari.cl\/territoriar\/wp-content\/uploads\/2020\/12\/Las-Amarillas-2.jpg\" alt=\"\" width=\"1024\" height=\"576\" srcset=\"https:\/\/filantropiacortessolari.cl\/territoriar\/wp-content\/uploads\/2020\/12\/Las-Amarillas-2.jpg 1024w, https:\/\/filantropiacortessolari.cl\/territoriar\/wp-content\/uploads\/2020\/12\/Las-Amarillas-2-300x169.jpg 300w, https:\/\/filantropiacortessolari.cl\/territoriar\/wp-content\/uploads\/2020\/12\/Las-Amarillas-2-768x432.jpg 768w\" sizes=\"(max-width: 1024px) 100vw, 1024px\" \/>[\/vc_column_text][\/vc_column][\/vc_row]<\/p>\n<\/div>","protected":false},"excerpt":{"rendered":"<p>[vc_row full_width=&#8221;stretch_row&#8221; parallax=&#8221;content-moving&#8221; parallax_image=&#8221;1625&#8243; parallax_speed_bg=&#8221;1.2&#8243; css=&#8221;.vc_custom_1609250703983{padding-top: 200px !important;padding-bottom: 200px !important;}&#8221;][vc_column][vc_column_text] Centro de Chile [\/vc_column_text][\/vc_column][\/vc_row][vc_row][vc_column][vc_column_text css=&#8221;.vc_custom_1608571502196{padding-bottom: 30px !important;}&#8221;] Reserva Elemental Likandes&#8230;<\/p>\n","protected":false},"author":1,"featured_media":0,"parent":0,"menu_order":0,"comment_status":"closed","ping_status":"closed","template":"","meta":{"footnotes":""},"class_list":["post-1533","page","type-page","status-publish"],"_links":{"self":[{"href":"https:\/\/filantropiacortessolari.cl\/territoriar\/wp-json\/wp\/v2\/pages\/1533","targetHints":{"allow":["GET"]}}],"collection":[{"href":"https:\/\/filantropiacortessolari.cl\/territoriar\/wp-json\/wp\/v2\/pages"}],"about":[{"href":"https:\/\/filantropiacortessolari.cl\/territoriar\/wp-json\/wp\/v2\/types\/page"}],"author":[{"embeddable":true,"href":"https:\/\/filantropiacortessolari.cl\/territoriar\/wp-json\/wp\/v2\/users\/1"}],"replies":[{"embeddable":true,"href":"https:\/\/filantropiacortessolari.cl\/territoriar\/wp-json\/wp\/v2\/comments?post=1533"}],"version-history":[{"count":2,"href":"https:\/\/filantropiacortessolari.cl\/territoriar\/wp-json\/wp\/v2\/pages\/1533\/revisions"}],"predecessor-version":[{"id":1632,"href":"https:\/\/filantropiacortessolari.cl\/territoriar\/wp-json\/wp\/v2\/pages\/1533\/revisions\/1632"}],"wp:attachment":[{"href":"https:\/\/filantropiacortessolari.cl\/territoriar\/wp-json\/wp\/v2\/media?parent=1533"}],"curies":[{"name":"wp","href":"https:\/\/api.w.org\/{rel}","templated":true}]}}