{"id":1539,"date":"2020-12-21T20:15:23","date_gmt":"2020-12-21T23:15:23","guid":{"rendered":"http:\/\/test.territoriar.cl\/?page_id=1539"},"modified":"2020-12-29T20:42:51","modified_gmt":"2020-12-29T23:42:51","slug":"embalse-el-yeso","status":"publish","type":"page","link":"https:\/\/filantropiacortessolari.cl\/territoriar\/embalse-el-yeso\/","title":{"rendered":"Embalse El Yeso"},"content":{"rendered":"<div class=\"wpb-content-wrapper\"><p>[vc_row full_width=&#8221;stretch_row&#8221; parallax=&#8221;content-moving&#8221; parallax_image=&#8221;1625&#8243; parallax_speed_bg=&#8221;1.2&#8243; css=&#8221;.vc_custom_1609285367966{padding-top: 200px !important;padding-bottom: 200px !important;}&#8221;][vc_column][vc_column_text]<\/p>\n<h1 style=\"text-align: center;\">Centro de Chile<\/h1>\n<p>[\/vc_column_text][\/vc_column][\/vc_row][vc_row][vc_column][vc_column_text css=&#8221;.vc_custom_1608591331128{padding-bottom: 30px !important;}&#8221;]<\/p>\n<h2 style=\"text-align: center;\">Reserva Elemental Likandes<\/h2>\n<h3 style=\"text-align: center;\">Embalse El Yeso<\/h3>\n<p>[\/vc_column_text]<div class=\"gem-table gem-table-responsive gem-table-style-2\"><table style=\"width: 100%;\">\n<tbody>\n<tr>\n<td>\n<p align=\"left\"><strong>Ubicaci\u00f3n <\/strong><\/p>\n<\/td>\n<td>\n<p align=\"left\">Lugar: Ruta G \u2013 455 \u2013 Km. 23.<br \/>\nAltitud: 2.600 m.s.n.m.<br \/>\nCoordenadas (WGS 84 \u2013 19H): 399585 E 6275203 S<\/p>\n<\/td>\n<\/tr>\n<tr>\n<td>\n<p align=\"left\"><strong>Descripci\u00f3n geol\u00f3gica interpretativa<\/strong><\/p>\n<\/td>\n<td>Este geositio es una represa artificial ubicada sobre un antiguo lago natural, que fue construida durante diez a\u00f1os e inaugurada en 1964. Esta gran masa de agua tiene m\u00e1s de 50 metros de profundidad, 6 km de largo y 1,5 km de ancho. Actualmente, junto a Laguna Negra, son las mayores reservas de agua potable para los millones de habitantes de la gran ciudad de Santiago.<\/p>\n<p>Este embalse se alimenta por el r\u00edo Yeso, que a su vez se forma por el derretimiento de nieve y hielo de glaciares como el \u201cMarmolejo\u201d, \u201cBello\u201d, \u201cDel Pir\u00e1mide\u201d, entre otros. El aporte de agua siempre es mayor en los meses de primavera y verano debido al aumento de las temperaturas, por lo que este embalse registra sus niveles m\u00e1s altos en esa \u00e9poca. Sin embargo, debido al actual contexto de cambio clim\u00e1tico y a megasequ\u00eda de Chile Central, en los \u00faltimos a\u00f1os se han registrado los niveles m\u00e1s bajos de agua en la historia de este embalse.<\/td>\n<\/tr>\n<tr>\n<td><strong>V\u00ednculos ecol\u00f3gicos<\/strong><\/td>\n<td>Este geositio es el cuerpo de agua de mayor superficie del Caj\u00f3n del Maipo, por lo que, naturalmente, alberga parte importante de la flora y fauna acu\u00e1tica de esta comuna. Por otro lado, las aguas de este embalse se encargan de asegurar el constante flujo del r\u00edo Yeso, dando la posibilidad de vida a miles de individuos de la flora y fauna que se encuentra valle abajo.<\/td>\n<\/tr>\n<tr>\n<td>\n<p align=\"left\"><strong>\u00bfSab\u00edas que?<\/strong><\/p>\n<\/td>\n<td>&#8211; En el a\u00f1o 1873, este lugar fue visitado por el Intendente de Santiago, Benjam\u00edn Vicu\u00f1a Mackenna, en compa\u00f1\u00eda de una expedici\u00f3n de profesionales que ten\u00edan la intenci\u00f3n de encontrar nuevas fuentes de agua para Santiago.<\/p>\n<p>&#8211; En los \u00faltimos a\u00f1os, este geositio se ha convertido en uno de los atractivos tur\u00edsticos m\u00e1s visitados de Chile.<\/td>\n<\/tr>\n<tr>\n<td>\n<p align=\"left\"><strong>Fotograf\u00edas<\/strong><\/p>\n<\/td>\n<td><strong>\u00a0<\/strong><\/td>\n<\/tr>\n<tr>\n<td>\n<p align=\"left\"><strong>Referencias <\/strong><\/p>\n<\/td>\n<td>\n<ul>\n<li>Benjam\u00edn Vicu\u00f1a Mackenna: El Intendente que Cambi\u00f3 Santiago<\/li>\n<\/ul>\n<p><a href=\"https:\/\/www.museovicunamackenna.gob.cl\/647\/w3-article-25402.html?_noredirect=1\">https:\/\/www.museovicunamackenna.gob.cl\/647\/w3-article-25402.html?_noredirect=1<\/a><\/p>\n<ul>\n<li>Benado, J. (2013). Patrimonio geol\u00f3gico del proyecto geoparque Caj\u00f3n del Maipo (Regi\u00f3n Metropolitana &#8211; Chile). Tesis de Mag\u00edster, Universidad de Minho.<\/li>\n<li>Vergara, C., Estay, C, Contreras, M., Prior, A., Godoy, V. y Zapata, J., 2019. Geodiversidad, patrimonio geol\u00f3gico y geositios del Caj\u00f3n del Maipo. FUNDESO Caj\u00f3n del Maipo, 163 pp.<\/li>\n<\/ul>\n<\/td>\n<\/tr>\n<\/tbody>\n<\/table>\n<\/div>[vc_column_text css=&#8221;.vc_custom_1607972302706{padding-top: 30px !important;padding-bottom: 30px !important;}&#8221;]<\/p>\n<h2 style=\"text-align: center;\">Im\u00e1genes<\/h2>\n<p>[\/vc_column_text][vc_column_text][\/vc_column_text][vc_column_text css=&#8221;.vc_custom_1608592935108{padding-bottom: 100px !important;}&#8221;]<img class=\"aligncenter size-full wp-image-1495\" src=\"https:\/\/www.filantropiacortessolari.cl\/territoriar\/wp-content\/uploads\/2020\/12\/Embalse-El-Yeso-1.jpg\" alt=\"\" width=\"1024\" height=\"655\" srcset=\"https:\/\/filantropiacortessolari.cl\/territoriar\/wp-content\/uploads\/2020\/12\/Embalse-El-Yeso-1.jpg 1024w, https:\/\/filantropiacortessolari.cl\/territoriar\/wp-content\/uploads\/2020\/12\/Embalse-El-Yeso-1-300x192.jpg 300w, https:\/\/filantropiacortessolari.cl\/territoriar\/wp-content\/uploads\/2020\/12\/Embalse-El-Yeso-1-768x491.jpg 768w\" sizes=\"(max-width: 1024px) 100vw, 1024px\" \/>[\/vc_column_text][vc_column_text]<img class=\"aligncenter size-full wp-image-1496\" src=\"https:\/\/www.filantropiacortessolari.cl\/territoriar\/wp-content\/uploads\/2020\/12\/Embalse-El-Yeso-2.jpg\" alt=\"\" width=\"1024\" height=\"576\" srcset=\"https:\/\/filantropiacortessolari.cl\/territoriar\/wp-content\/uploads\/2020\/12\/Embalse-El-Yeso-2.jpg 1024w, https:\/\/filantropiacortessolari.cl\/territoriar\/wp-content\/uploads\/2020\/12\/Embalse-El-Yeso-2-300x169.jpg 300w, https:\/\/filantropiacortessolari.cl\/territoriar\/wp-content\/uploads\/2020\/12\/Embalse-El-Yeso-2-768x432.jpg 768w\" sizes=\"(max-width: 1024px) 100vw, 1024px\" \/>[\/vc_column_text][\/vc_column][\/vc_row]<\/p>\n<\/div>","protected":false},"excerpt":{"rendered":"<p>[vc_row full_width=&#8221;stretch_row&#8221; parallax=&#8221;content-moving&#8221; parallax_image=&#8221;1625&#8243; parallax_speed_bg=&#8221;1.2&#8243; css=&#8221;.vc_custom_1609285367966{padding-top: 200px !important;padding-bottom: 200px !important;}&#8221;][vc_column][vc_column_text] Centro de Chile [\/vc_column_text][\/vc_column][\/vc_row][vc_row][vc_column][vc_column_text css=&#8221;.vc_custom_1608591331128{padding-bottom: 30px !important;}&#8221;] Reserva Elemental Likandes&#8230;<\/p>\n","protected":false},"author":1,"featured_media":0,"parent":0,"menu_order":0,"comment_status":"closed","ping_status":"closed","template":"","meta":{"footnotes":""},"class_list":["post-1539","page","type-page","status-publish"],"_links":{"self":[{"href":"https:\/\/filantropiacortessolari.cl\/territoriar\/wp-json\/wp\/v2\/pages\/1539","targetHints":{"allow":["GET"]}}],"collection":[{"href":"https:\/\/filantropiacortessolari.cl\/territoriar\/wp-json\/wp\/v2\/pages"}],"about":[{"href":"https:\/\/filantropiacortessolari.cl\/territoriar\/wp-json\/wp\/v2\/types\/page"}],"author":[{"embeddable":true,"href":"https:\/\/filantropiacortessolari.cl\/territoriar\/wp-json\/wp\/v2\/users\/1"}],"replies":[{"embeddable":true,"href":"https:\/\/filantropiacortessolari.cl\/territoriar\/wp-json\/wp\/v2\/comments?post=1539"}],"version-history":[{"count":4,"href":"https:\/\/filantropiacortessolari.cl\/territoriar\/wp-json\/wp\/v2\/pages\/1539\/revisions"}],"predecessor-version":[{"id":1635,"href":"https:\/\/filantropiacortessolari.cl\/territoriar\/wp-json\/wp\/v2\/pages\/1539\/revisions\/1635"}],"wp:attachment":[{"href":"https:\/\/filantropiacortessolari.cl\/territoriar\/wp-json\/wp\/v2\/media?parent=1539"}],"curies":[{"name":"wp","href":"https:\/\/api.w.org\/{rel}","templated":true}]}}