{"id":1544,"date":"2020-12-21T20:29:23","date_gmt":"2020-12-21T23:29:23","guid":{"rendered":"http:\/\/test.territoriar.cl\/?page_id=1544"},"modified":"2020-12-29T20:43:38","modified_gmt":"2020-12-29T23:43:38","slug":"puente-el-cristo","status":"publish","type":"page","link":"https:\/\/filantropiacortessolari.cl\/territoriar\/puente-el-cristo\/","title":{"rendered":"Puente El Cristo"},"content":{"rendered":"<div class=\"wpb-content-wrapper\"><p>[vc_row full_width=&#8221;stretch_row&#8221; parallax=&#8221;content-moving&#8221; parallax_image=&#8221;1625&#8243; parallax_speed_bg=&#8221;1.2&#8243; css=&#8221;.vc_custom_1609285415193{padding-top: 200px !important;padding-bottom: 200px !important;}&#8221;][vc_column][vc_column_text]<\/p>\n<h1 style=\"text-align: center;\">Centro de Chile<\/h1>\n<p>[\/vc_column_text][\/vc_column][\/vc_row][vc_row][vc_column][vc_column_text css=&#8221;.vc_custom_1608593294162{padding-bottom: 30px !important;}&#8221;]<\/p>\n<h2 style=\"text-align: center;\">Reserva Elemental Likandes<\/h2>\n<h3 style=\"text-align: center;\">Puente El Cristo<\/h3>\n<p>[\/vc_column_text]<div class=\"gem-table gem-table-responsive gem-table-style-2\"><table style=\"width: 100%;\">\n<tbody>\n<tr>\n<td width=\"161\">\n<p align=\"left\"><strong>Ubicaci\u00f3n <\/strong><\/p>\n<\/td>\n<td valign=\"top\" width=\"495\">\n<p align=\"left\">Lugar: km 2,5 de Ruta G-465 &#8211; 1 km valle arriba desde Los Queltehues.<br \/>\nAltitud: 1.380 m.s.n.m.<br \/>\nCoordenadas (WGS 84 \u2013 19H): 386746 E 6256833 S<\/td>\n<\/tr>\n<tr>\n<td width=\"161\">\n<p align=\"left\"><strong>Descripci\u00f3n geol\u00f3gica interpretativa<\/strong><\/p>\n<\/td>\n<td valign=\"top\" width=\"495\">\n<p>Este geositio se encuentra inmerso en medio del Plut\u00f3n San Gabriel: un extenso conjunto de rocas de color gris claro, originadas a varios kil\u00f3metros de profundidad hace unos 11 millones de a\u00f1os, debido al enfriamiento de una enorme c\u00e1mara magm\u00e1tica, es decir, una gran masa de roca fundida que alimentaba a los antiguos volcanes y que alcanzaba unos 800 \u00b0C de temperatura.<\/p>\n<p>Desde el puente hacia abajo, se ve que el r\u00edo Maipo se ha encargado, durante miles de a\u00f1os, de generar un ca\u00f1\u00f3n muy estrecho y profundo, de m\u00e1s de 15 metros de altura. Esto sucede as\u00ed porque las rocas de este lugar son muy duras y resistentes, y solo permiten que el r\u00edo escurra por un trayecto definido, sin ampliar el paisaje hacia los costados. Aqu\u00ed se ven varias formas generadas por el paso constante del agua, como lo son aquellas enormes rocas de formas redondeadas, suaves y muy pulidas.<\/td>\n<\/tr>\n<tr>\n<td width=\"161\"><strong>V\u00ednculos ecol\u00f3gicos<\/strong><\/td>\n<td valign=\"top\" width=\"495\">El principal v\u00ednculo ecol\u00f3gico hace referencia a la presencia del bosque escler\u00f3filo con especies end\u00e9micas de la zona central de Chile, es decir, que solo las encontramos en ese territorio. Algunos representantes de la vegetaci\u00f3n son el quillay, el litre, el boll\u00e9n, el tralhu\u00e9n. Junto a estos, destaca una gran variedad de aves, como el fio-fio, \u00e1guila, pitio, cherc\u00e1n, entre otras, y reptiles como la lagartija esbelta y la culebra de cola larga, adem\u00e1s de mam\u00edferos como el zorro culpeo.<\/td>\n<\/tr>\n<tr>\n<td width=\"161\">\n<p align=\"left\"><strong>Atributos importantes<\/strong><br \/>\n<strong>\u00bfSab\u00edas que?<\/strong><\/td>\n<td width=\"495\">\n<p>A un costado del puente actual se encuentra el antiguo Puente El Cristo, que es parte del patrimonio hist\u00f3rico y cultural de esta comuna.<\/p>\n<p>El nombre de este geositio proviene de una antigua mina de cobre que exist\u00eda en la zona de Las Melosas, ubicada pocos kil\u00f3metros valle arriba siguiendo la ruta.<\/td>\n<\/tr>\n<tr>\n<td width=\"161\">\n<p align=\"left\"><strong>Fotograf\u00edas<\/strong><\/p>\n<\/td>\n<td valign=\"top\" width=\"495\"><strong>\u00a0<\/strong><\/td>\n<\/tr>\n<tr>\n<td width=\"161\">\n<p align=\"left\"><strong>Referencias <\/strong><\/p>\n<\/td>\n<td width=\"495\">\n<ul>\n<li>Benado, J. (2013). Patrimonio geol\u00f3gico del proyecto geoparque Caj\u00f3n del Maipo (Regi\u00f3n Metropolitana &#8211; Chile). Tesis de Mag\u00edster, Universidad de Minho.<\/li>\n<li>Vergara, C., Estay, C, Contreras, M., Prior, A., Godoy, V. y Zapata, J., 2019. Geodiversidad, patrimonio geol\u00f3gico y geositios del Caj\u00f3n del Maipo. FUNDESO Caj\u00f3n del Maipo, 163 pp.<\/li>\n<\/ul>\n<\/td>\n<\/tr>\n<\/tbody>\n<\/table>\n<\/div>[vc_column_text css=&#8221;.vc_custom_1607972302706{padding-top: 30px !important;padding-bottom: 30px !important;}&#8221;]<\/p>\n<h2 style=\"text-align: center;\">Im\u00e1genes<\/h2>\n<p>[\/vc_column_text][vc_column_text][\/vc_column_text][vc_column_text css=&#8221;.vc_custom_1608593338526{padding-bottom: 100px !important;}&#8221;]<img class=\"aligncenter size-full wp-image-1473\" src=\"https:\/\/www.filantropiacortessolari.cl\/territoriar\/wp-content\/uploads\/2020\/12\/PUENTE-EL-CRISTO-1.jpg\" alt=\"\" width=\"1024\" height=\"679\" srcset=\"https:\/\/filantropiacortessolari.cl\/territoriar\/wp-content\/uploads\/2020\/12\/PUENTE-EL-CRISTO-1.jpg 1024w, https:\/\/filantropiacortessolari.cl\/territoriar\/wp-content\/uploads\/2020\/12\/PUENTE-EL-CRISTO-1-300x199.jpg 300w, https:\/\/filantropiacortessolari.cl\/territoriar\/wp-content\/uploads\/2020\/12\/PUENTE-EL-CRISTO-1-768x509.jpg 768w\" sizes=\"(max-width: 1024px) 100vw, 1024px\" \/>[\/vc_column_text][vc_column_text]<img class=\"aligncenter size-full wp-image-1474\" src=\"https:\/\/www.filantropiacortessolari.cl\/territoriar\/wp-content\/uploads\/2020\/12\/PUENTE-EL-CRISTO-2.jpg\" alt=\"\" width=\"1024\" height=\"682\" srcset=\"https:\/\/filantropiacortessolari.cl\/territoriar\/wp-content\/uploads\/2020\/12\/PUENTE-EL-CRISTO-2.jpg 1024w, https:\/\/filantropiacortessolari.cl\/territoriar\/wp-content\/uploads\/2020\/12\/PUENTE-EL-CRISTO-2-300x200.jpg 300w, https:\/\/filantropiacortessolari.cl\/territoriar\/wp-content\/uploads\/2020\/12\/PUENTE-EL-CRISTO-2-768x512.jpg 768w\" sizes=\"(max-width: 1024px) 100vw, 1024px\" \/>[\/vc_column_text][\/vc_column][\/vc_row]<\/p>\n<\/div>","protected":false},"excerpt":{"rendered":"<p>[vc_row full_width=&#8221;stretch_row&#8221; parallax=&#8221;content-moving&#8221; parallax_image=&#8221;1625&#8243; parallax_speed_bg=&#8221;1.2&#8243; css=&#8221;.vc_custom_1609285415193{padding-top: 200px !important;padding-bottom: 200px !important;}&#8221;][vc_column][vc_column_text] Centro de Chile [\/vc_column_text][\/vc_column][\/vc_row][vc_row][vc_column][vc_column_text css=&#8221;.vc_custom_1608593294162{padding-bottom: 30px !important;}&#8221;] Reserva Elemental Likandes&#8230;<\/p>\n","protected":false},"author":1,"featured_media":0,"parent":0,"menu_order":0,"comment_status":"closed","ping_status":"closed","template":"","meta":{"footnotes":""},"class_list":["post-1544","page","type-page","status-publish"],"_links":{"self":[{"href":"https:\/\/filantropiacortessolari.cl\/territoriar\/wp-json\/wp\/v2\/pages\/1544","targetHints":{"allow":["GET"]}}],"collection":[{"href":"https:\/\/filantropiacortessolari.cl\/territoriar\/wp-json\/wp\/v2\/pages"}],"about":[{"href":"https:\/\/filantropiacortessolari.cl\/territoriar\/wp-json\/wp\/v2\/types\/page"}],"author":[{"embeddable":true,"href":"https:\/\/filantropiacortessolari.cl\/territoriar\/wp-json\/wp\/v2\/users\/1"}],"replies":[{"embeddable":true,"href":"https:\/\/filantropiacortessolari.cl\/territoriar\/wp-json\/wp\/v2\/comments?post=1544"}],"version-history":[{"count":2,"href":"https:\/\/filantropiacortessolari.cl\/territoriar\/wp-json\/wp\/v2\/pages\/1544\/revisions"}],"predecessor-version":[{"id":1636,"href":"https:\/\/filantropiacortessolari.cl\/territoriar\/wp-json\/wp\/v2\/pages\/1544\/revisions\/1636"}],"wp:attachment":[{"href":"https:\/\/filantropiacortessolari.cl\/territoriar\/wp-json\/wp\/v2\/media?parent=1544"}],"curies":[{"name":"wp","href":"https:\/\/api.w.org\/{rel}","templated":true}]}}