{"id":1547,"date":"2020-12-21T20:39:50","date_gmt":"2020-12-21T23:39:50","guid":{"rendered":"http:\/\/test.territoriar.cl\/?page_id=1547"},"modified":"2020-12-29T20:46:41","modified_gmt":"2020-12-29T23:46:41","slug":"termas-banos-colina","status":"publish","type":"page","link":"https:\/\/filantropiacortessolari.cl\/territoriar\/termas-banos-colina\/","title":{"rendered":"Termas Ba\u00f1os Colina"},"content":{"rendered":"<div class=\"wpb-content-wrapper\"><p>[vc_row full_width=&#8221;stretch_row&#8221; parallax=&#8221;content-moving&#8221; parallax_image=&#8221;1625&#8243; parallax_speed_bg=&#8221;1.2&#8243; css=&#8221;.vc_custom_1609285597961{padding-top: 200px !important;padding-bottom: 200px !important;}&#8221;][vc_column][vc_column_text]<\/p>\n<h1 style=\"text-align: center;\">Centro de Chile<\/h1>\n<p>[\/vc_column_text][\/vc_column][\/vc_row][vc_row][vc_column][vc_column_text css=&#8221;.vc_custom_1608593620605{padding-bottom: 30px !important;}&#8221;]<\/p>\n<h2 style=\"text-align: center;\">Reserva Elemental Likandes<\/h2>\n<h3 style=\"text-align: center;\">Termas Ba\u00f1os Colina<\/h3>\n<p>[\/vc_column_text]<div class=\"gem-table gem-table-responsive gem-table-style-2\"><table style=\"width: 100%;\">\n<tr>\n<td >\n<p align=\"left\"><strong>Ubicaci\u00f3n <\/strong><\/p>\n<\/td>\n<td>Lugar:    6 km valle arriba desde cruce El Cabrer\u00edo. 12 km valle arriba desde localidad    Lo Vald\u00e9s.<br \/>\nAltitud: 2.530 m.s.n.m.<br \/>\nCoordenadas (WGS 84 \u2013 19H): 409260 E 6253718 S<\/td>\n<\/tr>\n<tr>\n<td >\n<p align=\"left\"><strong>Descripci\u00f3n    geol\u00f3gica interpretativa<\/strong><\/p>\n<\/td>\n<td >\n<p>Este geositio es    un conjunto de seis pozas de aguas termales, dispuestas como terrazas en la    ladera de un gran cerro, y separadas entre ellas por pocos metros de    distancia. Algunos estudios cient\u00edficos indican que el agua subterr\u00e1nea proviene    de las lluvias, que se infiltran a las profundidades por fracturas en las    rocas, y luego son calentadas por las altas temperaturas que tiene esta zona    debido a su cercan\u00eda del Volc\u00e1n San Jos\u00e9, que se encuentra a pocos kil\u00f3metros    de distancia.<\/p>\n<p>Al ser calentada,    el agua sube y atraviesa algunas de las formaciones rocosas m\u00e1s antiguas del    Caj\u00f3n del Maipo, para finalmente llegar a la superficie, generando estas    pozas muy calientes que incluso superan los 50 \u00b0C. Adem\u00e1s, estas termas    presentan un intenso color turquesa y son muy saladas, ambas propiedades se    deben a la gran cantidad de sales disueltas que aqu\u00ed existen, que se    depositan formando costras de minerales ricos en calcio que se denominan    travertinos.<\/td>\n<\/tr>\n<tr>\n<td ><strong>V\u00ednculos ecol\u00f3gicos<\/strong><\/td>\n<td >Este    geositio se ubica en una zona de vegetaci\u00f3n llamada &ldquo;piso andino inferior&rdquo;,    que se encuentra aproximadamente entre los 1950 y 2800 metros de altitud.    Aqu\u00ed casi no existen los \u00e1rboles grandes como el quillay y el litre, sino que    predominan los arbustos y distintas hierbas de monta\u00f1a que pocas veces    superan el metro de altura.<\/td>\n<\/tr>\n<tr>\n<td >\n<p align=\"left\"><strong>Atributos    importantes<\/strong><br \/>\n<strong>\u00bfSab\u00edas que?<\/strong><\/p>\n<\/td>\n<td >Estas    termas est\u00e1n ubicadas en un cerro que est\u00e1 compuesto principalmente de yeso.<br \/>\nEl    barro que se acumula en el fondo de estas pozas es utilizado para hacer    productos cosm\u00e9ticos naturales con propiedades curativas.<\/td>\n<\/tr>\n<tr>\n<td >\n<p align=\"left\"><strong>Referencias <\/strong><\/p>\n<\/td>\n<td >\n<ul>\n<li>Manual de Buenas Pr\u00e1cticas para Uso Sustentable    de Ecosistemas de Monta\u00f1a (Plan de Acci\u00f3n Santiago Andino, 2011).<\/li>\n<li>Anselmo Miranda, A. (2017). G\u00e9nesis de    travertinos en Ba\u00f1os Colina y Ba\u00f1os Morales, Caj\u00f3n del Maipo, Regi\u00f3n    Metropolitana. Disponible en <a href=\"http:\/\/repositorio.uchile.cl\/handle\/2250\/145985\">http:\/\/repositorio.uchile.cl\/handle\/2250\/145985<\/a><\/li>\n<li>Benado, J. (2013). Patrimonio geol\u00f3gico del    proyecto geoparque Caj\u00f3n del Maipo (Regi\u00f3n Metropolitana &#8211; Chile). Tesis de Mag\u00edster,    Universidad de Minho.<\/li>\n<li>Vergara, C., Estay, C, Contreras, M., Prior,    A., Godoy, V. y Zapata, J., 2019. Geodiversidad, patrimonio geol\u00f3gico y    geositios del Caj\u00f3n del Maipo. FUNDESO Caj\u00f3n del Maipo, 163 pp.<\/li>\n<\/ul>\n<\/td>\n<\/tr>\n<\/table>\n<\/div>[vc_column_text css=&#8221;.vc_custom_1607972302706{padding-top: 30px !important;padding-bottom: 30px !important;}&#8221;]<\/p>\n<h2 style=\"text-align: center;\">Im\u00e1genes<\/h2>\n<p>[\/vc_column_text][vc_column_text][\/vc_column_text][vc_column_text css=&#8221;.vc_custom_1608593947675{padding-bottom: 100px !important;}&#8221;]<img class=\"aligncenter size-full wp-image-1477\" src=\"https:\/\/www.filantropiacortessolari.cl\/territoriar\/wp-content\/uploads\/2020\/12\/TERMAS-BANOS-COLINA-1.jpg\" alt=\"\" width=\"1024\" height=\"682\" srcset=\"https:\/\/filantropiacortessolari.cl\/territoriar\/wp-content\/uploads\/2020\/12\/TERMAS-BANOS-COLINA-1.jpg 1024w, https:\/\/filantropiacortessolari.cl\/territoriar\/wp-content\/uploads\/2020\/12\/TERMAS-BANOS-COLINA-1-300x200.jpg 300w, https:\/\/filantropiacortessolari.cl\/territoriar\/wp-content\/uploads\/2020\/12\/TERMAS-BANOS-COLINA-1-768x512.jpg 768w\" sizes=\"(max-width: 1024px) 100vw, 1024px\" \/>[\/vc_column_text][vc_column_text]<img class=\"aligncenter size-full wp-image-1478\" src=\"https:\/\/www.filantropiacortessolari.cl\/territoriar\/wp-content\/uploads\/2020\/12\/TERMAS-BANOS-COLINA-2.jpg\" alt=\"\" width=\"1024\" height=\"682\" srcset=\"https:\/\/filantropiacortessolari.cl\/territoriar\/wp-content\/uploads\/2020\/12\/TERMAS-BANOS-COLINA-2.jpg 1024w, https:\/\/filantropiacortessolari.cl\/territoriar\/wp-content\/uploads\/2020\/12\/TERMAS-BANOS-COLINA-2-300x200.jpg 300w, https:\/\/filantropiacortessolari.cl\/territoriar\/wp-content\/uploads\/2020\/12\/TERMAS-BANOS-COLINA-2-768x512.jpg 768w\" sizes=\"(max-width: 1024px) 100vw, 1024px\" \/>[\/vc_column_text][\/vc_column][\/vc_row]<\/p>\n<\/div>","protected":false},"excerpt":{"rendered":"<p>[vc_row full_width=&#8221;stretch_row&#8221; parallax=&#8221;content-moving&#8221; parallax_image=&#8221;1625&#8243; parallax_speed_bg=&#8221;1.2&#8243; css=&#8221;.vc_custom_1609285597961{padding-top: 200px !important;padding-bottom: 200px !important;}&#8221;][vc_column][vc_column_text] Centro de Chile [\/vc_column_text][\/vc_column][\/vc_row][vc_row][vc_column][vc_column_text css=&#8221;.vc_custom_1608593620605{padding-bottom: 30px !important;}&#8221;] Reserva Elemental Likandes&#8230;<\/p>\n","protected":false},"author":1,"featured_media":0,"parent":0,"menu_order":0,"comment_status":"closed","ping_status":"closed","template":"","meta":{"footnotes":""},"class_list":["post-1547","page","type-page","status-publish"],"_links":{"self":[{"href":"https:\/\/filantropiacortessolari.cl\/territoriar\/wp-json\/wp\/v2\/pages\/1547","targetHints":{"allow":["GET"]}}],"collection":[{"href":"https:\/\/filantropiacortessolari.cl\/territoriar\/wp-json\/wp\/v2\/pages"}],"about":[{"href":"https:\/\/filantropiacortessolari.cl\/territoriar\/wp-json\/wp\/v2\/types\/page"}],"author":[{"embeddable":true,"href":"https:\/\/filantropiacortessolari.cl\/territoriar\/wp-json\/wp\/v2\/users\/1"}],"replies":[{"embeddable":true,"href":"https:\/\/filantropiacortessolari.cl\/territoriar\/wp-json\/wp\/v2\/comments?post=1547"}],"version-history":[{"count":2,"href":"https:\/\/filantropiacortessolari.cl\/territoriar\/wp-json\/wp\/v2\/pages\/1547\/revisions"}],"predecessor-version":[{"id":1637,"href":"https:\/\/filantropiacortessolari.cl\/territoriar\/wp-json\/wp\/v2\/pages\/1547\/revisions\/1637"}],"wp:attachment":[{"href":"https:\/\/filantropiacortessolari.cl\/territoriar\/wp-json\/wp\/v2\/media?parent=1547"}],"curies":[{"name":"wp","href":"https:\/\/api.w.org\/{rel}","templated":true}]}}