{"id":772,"date":"2020-12-09T13:03:09","date_gmt":"2020-12-09T16:03:09","guid":{"rendered":"http:\/\/test.territoriar.cl\/?page_id=772"},"modified":"2025-08-13T18:28:27","modified_gmt":"2025-08-13T21:28:27","slug":"especies-y-ecosistemas","status":"publish","type":"page","link":"https:\/\/filantropiacortessolari.cl\/territoriar\/especies-y-ecosistemas\/","title":{"rendered":"Especies y Ecosistemas"},"content":{"rendered":"<div class=\"wpb-content-wrapper\"><p>[vc_row full_width=&#8221;stretch_row&#8221; vertical_slider=&#8221;true&#8221; el_class=&#8221;scroller-block&#8221; vertical_slider_title=&#8221;Especies Destacadas&#8221; css=&#8221;.vc_custom_1642013400747{margin-bottom: 0px !important;padding-bottom: 0px !important;background-image: url(https:\/\/www.filantropiacortessolari.cl\/territoriar\/wp-content\/uploads\/2020\/12\/Sec01_BG-1.jpg?id=1026) !important;}&#8221;][vc_column]<div class=\"clearboth\"><\/div><style>#thegem-divider-69ff694dbefc3 {margin-top: 100px !important;}<\/style><div id=\"thegem-divider-69ff694dbefc3\" class=\"gem-divider  \" style=\"\" ><\/div>[vc_column_text]<img class=\"size-full wp-image-806 aligncenter\" src=\"https:\/\/www.filantropiacortessolari.cl\/territoriar\/wp-content\/uploads\/2020\/12\/Iphone_Especies.png\" alt=\"\" width=\"40%\" height=\"40%\" \/>[\/vc_column_text][vc_column_text]<\/p>\n<p style=\"text-align: center;\"><span style=\"color: #ffffff;\">Estas son algunas de las especies que puedes encontrar en las Reservas Elementales y Parques de Chile.<br \/>\nConoce m\u00e1s de ellas descargando la aplicaci\u00f3n y escaneando el c\u00f3digo QR.<br \/>\n<\/span><\/p>\n<p>[\/vc_column_text]<style type=\"text\/css\">.thegem-button-69ff694dbf0477720 .gem-button svg {fill: #ffffff;}.thegem-button-69ff694dbf0477720 .gem-button:hover svg {fill: #212331;}<\/style><div class=\"gem-button-container gem-button-position-center thegem-button-69ff694dbf0477720    \"  ><a class=\"gem-button gem-button-size-medium gem-button-style-flat gem-button-text-weight-thin gem-button-no-uppercase\" data-ll-effect=\"drop-right-without-wrap\" style=\"border-radius: 36px;background-color: #212331;color: #ffffff;\" onmouseleave=\"this.style.backgroundColor='#212331';this.style.color='#ffffff';\" onmouseenter=\"this.style.backgroundColor='#ffffff';this.style.color='#212331';\" href=\"https:\/\/www.filantropiacortessolari.cl\/territoriar\/wp-content\/uploads\/2021\/01\/Fichas-territoriar.pdf\" target=\"_blank\">Descarga de c\u00f3digos QR (PDF)<\/a><\/div> [\/vc_column][\/vc_row][vc_row full_width=&#8221;stretch_row&#8221; vertical_slider=&#8221;true&#8221; el_class=&#8221;scroller-block&#8221; vertical_slider_title=&#8221;Norte de Chile&#8221; css=&#8221;.vc_custom_1642013421258{margin-bottom: 0px !important;padding-bottom: 0px !important;background: #d5ac72 url(https:\/\/www.filantropiacortessolari.cl\/territoriar\/wp-content\/uploads\/2020\/10\/Trama-Lineas.png?id=382) !important;}&#8221;][vc_column][vc_row_inner][vc_column_inner offset=&#8221;vc_hidden-sm vc_hidden-xs&#8221;]<div class=\"clearboth\"><\/div><style>#thegem-divider-69ff694dbf06f {margin-top: 100px !important;}<\/style><div id=\"thegem-divider-69ff694dbf06f\" class=\"gem-divider  show-on-desctop\" style=\"\" ><\/div>[vc_column_text]<\/p>\n<h2 style=\"text-align: center;\">NORTE DE CHILE<\/h2>\n<p>[\/vc_column_text]<div class=\"clearboth\"><\/div><style>#thegem-divider-69ff694dbf07e {margin-top: 100px !important;}<\/style><div id=\"thegem-divider-69ff694dbf07e\" class=\"gem-divider  show-on-desctop\" style=\"\" ><\/div>[vc_images_carousel images=&#8221;1122,1123,1124,1125,1126,1251,1252,1253,1254,1255,1257,1259,1260,1261,1262,1263,1264,1265,1266,1267,1268,1269,1271,1273,1274,1275,1276,1277,1278,1279,1280,1281&#8243; img_size=&#8221;full&#8221; slides_per_view=&#8221;3&#8243; hide_pagination_control=&#8221;yes&#8221; wrap=&#8221;yes&#8221;][\/vc_column_inner][\/vc_row_inner][vc_row_inner][vc_column_inner offset=&#8221;vc_hidden-lg vc_hidden-md&#8221;][vc_column_text]<\/p>\n<p style=\"text-align: center;\"><strong>NORTE DE CHILE<\/strong><\/p>\n<p>[\/vc_column_text][vc_images_carousel images=&#8221;1122,1123,1124,1125,1126,1251,1252,1253,1254,1255,1257,1259,1260,1261,1262,1263,1264,1265,1266,1267,1268,1269,1271,1273,1274,1275,1276,1277,1278,1279,1280,1281&#8243; img_size=&#8221;260X440&#8243; hide_pagination_control=&#8221;yes&#8221; wrap=&#8221;yes&#8221;][\/vc_column_inner][\/vc_row_inner][\/vc_column][\/vc_row][vc_row full_width=&#8221;stretch_row&#8221; vertical_slider=&#8221;true&#8221; el_class=&#8221;scroller-block&#8221; vertical_slider_title=&#8221;Centro de Chile&#8221; css=&#8221;.vc_custom_1642013434202{margin-bottom: 0px !important;padding-bottom: 0px !important;background: #36ad68 url(https:\/\/www.filantropiacortessolari.cl\/territoriar\/wp-content\/uploads\/2020\/10\/Trama-Lineas.png?id=382) !important;}&#8221;][vc_column][vc_row_inner][vc_column_inner offset=&#8221;vc_hidden-sm vc_hidden-xs&#8221;]<div class=\"clearboth\"><\/div><style>#thegem-divider-69ff694dbf089 {margin-top: 100px !important;}<\/style><div id=\"thegem-divider-69ff694dbf089\" class=\"gem-divider  show-on-desctop\" style=\"\" ><\/div>[vc_column_text]<\/p>\n<h2 style=\"text-align: center;\">CENTRO DE CHILE<\/h2>\n<p>[\/vc_column_text]<div class=\"clearboth\"><\/div><style>#thegem-divider-69ff694dbf093 {margin-top: 100px !important;}<\/style><div id=\"thegem-divider-69ff694dbf093\" class=\"gem-divider  show-on-desctop\" style=\"\" ><\/div>[vc_images_carousel images=&#8221;1110,1111,1112,1113,1114,1282,1283,1284,1285,1286,1287,1288,1289,1290,1291,1292,1293,1294,1295,1296,1297,1298,1299,1300,1301,1302&#8243; img_size=&#8221;full&#8221; slides_per_view=&#8221;3&#8243; hide_pagination_control=&#8221;yes&#8221; wrap=&#8221;yes&#8221;][\/vc_column_inner][\/vc_row_inner][vc_row_inner][vc_column_inner offset=&#8221;vc_hidden-lg vc_hidden-md&#8221;][vc_column_text]<\/p>\n<p style=\"text-align: center;\"><strong>CENTRO DE CHILE<\/strong><\/p>\n<p>[\/vc_column_text][vc_images_carousel images=&#8221;1110,1111,1112,1113,1114,1282,1283,1284,1285,1286,1287,1288,1289,1290,1291,1292,1293,1294,1295,1296,1297,1298,1299,1300,1301,1302&#8243; img_size=&#8221;260X440&#8243; hide_pagination_control=&#8221;yes&#8221; wrap=&#8221;yes&#8221;][\/vc_column_inner][\/vc_row_inner][\/vc_column][\/vc_row][vc_row full_width=&#8221;stretch_row&#8221; vertical_slider=&#8221;true&#8221; el_class=&#8221;scroller-block&#8221; vertical_slider_title=&#8221;Sur de Chile&#8221; css=&#8221;.vc_custom_1642013449324{margin-bottom: 0px !important;padding-bottom: 0px !important;background: #37b3a1 url(https:\/\/www.filantropiacortessolari.cl\/territoriar\/wp-content\/uploads\/2020\/10\/Trama-Lineas.png?id=382) !important;}&#8221;][vc_column][vc_row_inner][vc_column_inner offset=&#8221;vc_hidden-sm vc_hidden-xs&#8221;]<div class=\"clearboth\"><\/div><style>#thegem-divider-69ff694dbf0a6 {margin-top: 100px !important;}<\/style><div id=\"thegem-divider-69ff694dbf0a6\" class=\"gem-divider  show-on-desctop\" style=\"\" ><\/div>[vc_column_text]<\/p>\n<h2 style=\"text-align: center;\">SUR DE CHILE<\/h2>\n<p>[\/vc_column_text]<div class=\"clearboth\"><\/div><style>#thegem-divider-69ff694dbf0b0 {margin-top: 100px !important;}<\/style><div id=\"thegem-divider-69ff694dbf0b0\" class=\"gem-divider  show-on-desctop\" style=\"\" ><\/div>[vc_images_carousel images=&#8221;1117,1118,1119,1120,1121,1303,1304,1306,1307,1308,1309,1310,1311,1312,1313,1316,1318,1319,1320,1321,1323,1324,1325,1326,1327,1329,1330,1331,1333,1334,1335,1338&#8243; img_size=&#8221;full&#8221; slides_per_view=&#8221;3&#8243; hide_pagination_control=&#8221;yes&#8221; wrap=&#8221;yes&#8221;][\/vc_column_inner][\/vc_row_inner][vc_row_inner][vc_column_inner offset=&#8221;vc_hidden-lg vc_hidden-md&#8221;][vc_column_text]<\/p>\n<p style=\"text-align: center;\">SUR DE CHILE<\/p>\n<p>[\/vc_column_text][vc_images_carousel images=&#8221;1117,1118,1119,1120,1121,1303,1304,1306,1307,1308,1309,1310,1311,1312,1313,1316,1318,1319,1320,1321,1323,1324,1325,1326,1327,1329,1330,1331,1333,1334,1335,1338&#8243; img_size=&#8221;260X440&#8243; hide_pagination_control=&#8221;yes&#8221; wrap=&#8221;yes&#8221;][\/vc_column_inner][\/vc_row_inner][\/vc_column][\/vc_row][vc_row full_width=&#8221;stretch_row&#8221; vertical_slider=&#8221;true&#8221; el_class=&#8221;scroller-block&#8221; vertical_slider_title=&#8221;Realidad Aumentada&#8221; css=&#8221;.vc_custom_1665751680709{margin-bottom: 0px !important;padding-bottom: 0px !important;background: #d5ac72 url(https:\/\/www.filantropiacortessolari.cl\/territoriar\/wp-content\/uploads\/2020\/10\/Trama-Lineas.png?id=382) !important;}&#8221;][vc_column][vc_row_inner][vc_column_inner offset=&#8221;vc_hidden-sm vc_hidden-xs&#8221;]<div class=\"clearboth\"><\/div><style>#thegem-divider-69ff694dbf0b8 {margin-top: 100px !important;}<\/style><div id=\"thegem-divider-69ff694dbf0b8\" class=\"gem-divider  show-on-desctop\" style=\"\" ><\/div>[vc_column_text]<\/p>\n<h2 style=\"text-align: center;\">REALIDAD AUMENTADA<\/h2>\n<p>[\/vc_column_text]<div class=\"clearboth\"><\/div><style>#thegem-divider-69ff694dbf0c0 {margin-top: 100px !important;}<\/style><div id=\"thegem-divider-69ff694dbf0c0\" class=\"gem-divider  show-on-desctop\" style=\"\" ><\/div>[vc_images_carousel images=&#8221;2087,2088,2089,2090,2091,2092,2093,2094,2095,2096,2097,2098&#8243; img_size=&#8221;full&#8221; slides_per_view=&#8221;3&#8243; hide_pagination_control=&#8221;yes&#8221; wrap=&#8221;yes&#8221;][\/vc_column_inner][\/vc_row_inner][vc_row_inner][vc_column_inner offset=&#8221;vc_hidden-lg vc_hidden-md&#8221;][vc_column_text]<\/p>\n<p style=\"text-align: center;\">REALIDAD AUMENTADA<\/p>\n<p>[\/vc_column_text][vc_images_carousel images=&#8221;2098,2097,2096,2095,2094,2087,2088,2089,2090,2091,2092,2093&#8243; img_size=&#8221;260X440&#8243; hide_pagination_control=&#8221;yes&#8221; wrap=&#8221;yes&#8221;][\/vc_column_inner][\/vc_row_inner][\/vc_column][\/vc_row][vc_row full_width=&#8221;stretch_row&#8221; vertical_slider=&#8221;true&#8221; css=&#8221;.vc_custom_1604448797654{margin-top: 0px !important;margin-bottom: 0px !important;padding-bottom: 0px !important;background-image: url(https:\/\/www.filantropiacortessolari.cl\/territoriar\/wp-content\/uploads\/2020\/11\/BG-Footer.jpg?id=542) !important;background-position: center !important;background-repeat: no-repeat !important;background-size: cover !important;}&#8221; vertical_slider_title=&#8221;footer&#8221; el_class=&#8221;scroller-block&#8221;][vc_column width=&#8221;1\/4&#8243;][\/vc_column][vc_column width=&#8221;1\/2&#8243;]<div class=\"clearboth\"><\/div><style>#thegem-divider-69ff694dbf0c7 {margin-top: 100px !important;}<\/style><div id=\"thegem-divider-69ff694dbf0c7\" class=\"gem-divider  hide-on-mobile\" style=\"\" ><\/div>[vc_column_text css_animation=&#8221;appear&#8221;]<img class=\"aligncenter size-full wp-image-543\" src=\"https:\/\/www.filantropiacortessolari.cl\/territoriar\/wp-content\/uploads\/2020\/11\/Logo.png\" alt=\"\" width=\"770\" height=\"232\" srcset=\"https:\/\/filantropiacortessolari.cl\/territoriar\/wp-content\/uploads\/2020\/11\/Logo.png 770w, https:\/\/filantropiacortessolari.cl\/territoriar\/wp-content\/uploads\/2020\/11\/Logo-300x90.png 300w, https:\/\/filantropiacortessolari.cl\/territoriar\/wp-content\/uploads\/2020\/11\/Logo-768x231.png 768w, https:\/\/filantropiacortessolari.cl\/territoriar\/wp-content\/uploads\/2020\/11\/Logo-766x232.png 766w\" sizes=\"(max-width: 770px) 100vw, 770px\" \/>[\/vc_column_text][vc_column_text]<\/p>\n<p style=\"text-align: center;\">TerritoriAR, una aplicaci\u00f3n para la valoraci\u00f3n de la naturaleza.<\/p>\n<p style=\"text-align: center;\">Es un proyecto Explora CONICYT de Valoraci\u00f3n y Divulgaci\u00f3n de la Ciencia y la Tecnolog\u00eda.<\/p>\n<p style=\"text-align: center;\">\u00a9 Derechos reservados a Fundaci\u00f3n MERI, Fundaci\u00f3n Caserta<\/p>\n<p>[\/vc_column_text][vc_column_text]<img class=\"aligncenter size-full wp-image-544\" src=\"https:\/\/www.filantropiacortessolari.cl\/territoriar\/wp-content\/uploads\/2020\/11\/3-logos.png\" alt=\"\" width=\"60%\" height=\"60%\" srcset=\"https:\/\/filantropiacortessolari.cl\/territoriar\/wp-content\/uploads\/2020\/11\/3-logos.png 770w, https:\/\/filantropiacortessolari.cl\/territoriar\/wp-content\/uploads\/2020\/11\/3-logos-300x90.png 300w, https:\/\/filantropiacortessolari.cl\/territoriar\/wp-content\/uploads\/2020\/11\/3-logos-768x231.png 768w, https:\/\/filantropiacortessolari.cl\/territoriar\/wp-content\/uploads\/2020\/11\/3-logos-766x232.png 766w\" sizes=\"(max-width: 770px) 100vw, 770px\" \/>[\/vc_column_text][vc_column_text]<img class=\"aligncenter size-full wp-image-697\" src=\"https:\/\/www.filantropiacortessolari.cl\/territoriar\/wp-content\/uploads\/2020\/12\/Logo_Explora.png\" alt=\"\" width=\"30%\" height=\"30%\" \/>[\/vc_column_text][\/vc_column][vc_column width=&#8221;1\/4&#8243;][\/vc_column][\/vc_row]<\/p>\n<\/div>","protected":false},"excerpt":{"rendered":"<p>[vc_row full_width=&#8221;stretch_row&#8221; vertical_slider=&#8221;true&#8221; el_class=&#8221;scroller-block&#8221; vertical_slider_title=&#8221;Especies Destacadas&#8221; css=&#8221;.vc_custom_1642013400747{margin-bottom: 0px !important;padding-bottom: 0px !important;background-image: url(https:\/\/www.filantropiacortessolari.cl\/territoriar\/wp-content\/uploads\/2020\/12\/Sec01_BG-1.jpg?id=1026) !important;}&#8221;][vc_column][vc_column_text][\/vc_column_text][vc_column_text] Estas son algunas de las especies que&#8230;<\/p>\n","protected":false},"author":1,"featured_media":1973,"parent":0,"menu_order":0,"comment_status":"closed","ping_status":"closed","template":"","meta":{"footnotes":""},"class_list":["post-772","page","type-page","status-publish","has-post-thumbnail"],"_links":{"self":[{"href":"https:\/\/filantropiacortessolari.cl\/territoriar\/wp-json\/wp\/v2\/pages\/772","targetHints":{"allow":["GET"]}}],"collection":[{"href":"https:\/\/filantropiacortessolari.cl\/territoriar\/wp-json\/wp\/v2\/pages"}],"about":[{"href":"https:\/\/filantropiacortessolari.cl\/territoriar\/wp-json\/wp\/v2\/types\/page"}],"author":[{"embeddable":true,"href":"https:\/\/filantropiacortessolari.cl\/territoriar\/wp-json\/wp\/v2\/users\/1"}],"replies":[{"embeddable":true,"href":"https:\/\/filantropiacortessolari.cl\/territoriar\/wp-json\/wp\/v2\/comments?post=772"}],"version-history":[{"count":71,"href":"https:\/\/filantropiacortessolari.cl\/territoriar\/wp-json\/wp\/v2\/pages\/772\/revisions"}],"predecessor-version":[{"id":2191,"href":"https:\/\/filantropiacortessolari.cl\/territoriar\/wp-json\/wp\/v2\/pages\/772\/revisions\/2191"}],"wp:featuredmedia":[{"embeddable":true,"href":"https:\/\/filantropiacortessolari.cl\/territoriar\/wp-json\/wp\/v2\/media\/1973"}],"wp:attachment":[{"href":"https:\/\/filantropiacortessolari.cl\/territoriar\/wp-json\/wp\/v2\/media?parent=772"}],"curies":[{"name":"wp","href":"https:\/\/api.w.org\/{rel}","templated":true}]}}